 -60 - (23 + (-46 - -3)).
-40
What is the value of (-92 - 8) + -20 - -58?
-62
Calculate -33 + 100 + -50 + 0 + -16.
1
(1 - -43) + (3 + -2 + -4 - (75 + -87))
53
What is -46 + (-17 - 31) + 43 + 0 + 2 + -1?
-50
What is -27 + -58 + 11 + 14 + 20?
-40
Evaluate -19 - (-59 + 25 + 2).
13
Evaluate (-25 - -76) + (68 - 83).
36
What is the value of (-470 - -404) + 2 + 34?
-30
What is (7 - (2 - 0)) + (41 - (-1 + -10 + 17))?
40
Calculate (2 - 111) + (881 - 814).
-42
What is the value of 2657 + -2655 - (-1 + (5 - 4) - (-1 - 2))?
-1
85 - ((-1 - 9) + 11 + -7 - -16)
75
What is the value of 116 - 81 - 137 - -87?
-15
Evaluate (-4 + -3 - (-8 - -8)) + -22 + 8.
-21
0 - (102 - (101 - 96))
-97
Calculate -4 + -57 - (78 - 190).
51
Calculate -6 - -5 - 13 - (351 - 270) - (-2 - -2).
-95
Calculate (0 - (5 - (2 + 3))) + -2 + -24.
-26
Evaluate (26 + -23 + 23 - 32) + (0 - (-49 - 0)).
43
Calculate (-30 - (13 + 6)) + 7 + 21.
-21
Evaluate (2 - (20 + -18 - (0 - 2))) + -50.
-52
What is (82 - -73) + 5 + -104?
56
What is -69 + 48 + 16 + -23?
-28
What is the value of -56 + 629 + -616 + -8 + (-4 - (-3 - 0))?
-52
Calculate (5 - -17 - 13) + -12 - (-3 - (-3 - -27)).
24
What is the value of (-52 - -1) + -742 + 784?
-9
What is the value of (12 + 9 - 12) + -1 + -1 - (-40 + -27)?
74
What is the value of 39 + (-51 - -46) + 18?
52
What is (16 - 1 - 1) + (74 - -96 - 159)?
25
What is -187 - -169 - (4 + (3 - 3) + -112)?
90
Evaluate 3 - (-7 - (-5 - (27 + -10))) - -18.
6
What is (122 - 107) + 11 + 16?
42
-76 - -11 - -13 - (-1 - (5 - 7) - -4)
-57
What is -6 + (-2 - -7) + -44 + 23 + -23 + 5?
-40
Calculate 20 + -20 + 21 + 7 + -38.
-10
Evaluate (66 + -90 - 67) + -5.
-96
What is the value of 11 - 1 - (57 - ((-19 - -31) + -2 + -23))?
-60
What is -93 + 2 + -11 + 48 + (44 - 75)?
-85
Evaluate -281 + (-28 - -63) - -160.
-86
Calculate -1 - 8 - (0 + -2) - (-28891 + 28854).
30
Evaluate (6 - 20) + 11 - (-16 + 10 + 10) - -120.
113
((-6 - 10) + 37 - 13) + (-2 - 4)
2
What is the value of 4 + -1 + -39 + -15 + (26 + -10 - 5)?
-40
-346 + 324 + (1 - -3) - -31
13
What is 7 + 2 - (-8 + 28 + (33 - 6 - 13))?
-25
What is (-89 + 141 - -78) + -116?
14
What is the value of 20 - (-40 + 54 + -1 + -41)?
48
169 + 5 + -23 + (56 - 85)
122
Evaluate -2658 + 2638 - (0 + -17).
-3
Evaluate -2411 + 2358 + (1 - -66).
14
(-24 - (14 + -46)) + (-3 + -23 - 1)
-19
Calculate -40 + (28 - 5) - 10 - -105.
78
What is the value of 19 - (-9 + 19 + (-13 - 2))?
24
Evaluate 4 - (-1 - -8 - ((-23 - -6 - 37) + 15)).
-42
Calculate 18 - ((-131 - -124) + (5 - -78)).
-58
What is the value of -2889 + 2893 + (1 - (2 - (0 + -2))) - -33?
34
961 - 979 - (26 + (-4 - 3) - 3)
-34
-106 + (11 - -118) + -91 + -20 + 1
-87
-2 + -24 - (80 - (150 - 52))
-8
What is 1 + 293 - (-5203 + 5348)?
149
What is the value of -2177 - -2196 - (-26 + 0)?
45
What is 7 + 20 + (18 + (7 - 28) - -19)?
43
What is the value of 114 + (-20 - (55 - -2))?
37
What is the value of 90 + (79 - (-5 + 143))?
31
0 - -45 - (-13 - (27 - (20 - 1)) - -24)
42
Calculate 64 - (33 + (-23 - -36) + -21 + -2).
41
What is the value of (51 - -74) + -2 + (-5 - 16)?
102
Calculate (-4 - (-4 + 39)) + (-41 - -83) + -30.
-27
Evaluate -228 + 195 + 35 + -1.
1
What is the value of -42 + (-5 - (-16 + -5)) + -10 + 1 + -7?
-42
Calculate -4 - (-10 - (10 - 20)) - 7.
-11
What is the value of 8 + (-6 - (-1 + -4)) + (171 - 160)?
18
Evaluate -5 + (3 - 14 - -92) - (19 + -5).
62
Evaluate 59 + -1 + 12 + 104 + -128.
46
Evaluate -10 + 77 + 2 + 2.
71
Calculate 17 - (-3 + 3 - -1) - 4 - (-38 + 30).
20
Calculate -1 + -6 - (-4 - 71 - (2 + 19 - 16)).
73
What is the value of 31 + -25 + 2 + -1 - (-30 + 65 + -14)?
-14
Calculate 15 - (87 - 13 - -16).
-75
-3 + 17 - (-718 + 692)
40
Evaluate 10 - (-9 - (-1 + 30 + (71 - 38) + -43)).
38
Calculate 78 + (-53 - (-116 - -155)).
-14
What is the value of 35 + (-38 + 9 - 49)?
-43
(-37 - 19) + 72 + (-1 - -14)
29
(-1 + (-39 - -22) - -10) + 17
9
Calculate 72 - (-1 + -2 + 13 - (-37 + -30 + 66)).
61
What is the value of 11 - (34 - (-52 + 103))?
28
(9 - 41) + (842 - 792)
18
Evaluate -62 + (19 - (30 - 45)).
-28
What is the value of (-42 + -79 - -103 - (0 + 23)) + -1 + 0?
-42
What is the value of -23 + 3 + (-34 - 29) + (2 - 6)?
-87
Evaluate (-6 - -24) + -19 + 0 + -6 - 5.
-12
What is the value of 41 - -1 - (-19 - (51 - 73))?
39
-2 + -1 - (0 + -1) - (162 + -17 - 197)
50
Evaluate (-1 - ((-14 - -25) + (-6 - 3))) + (-29 - 0).
-32
(-7 - -39 - -13) + -76 + 45
14
Evaluate -21 + 6 + -49 + 66.
2
Calculate 5 - ((5 - 1) + (26 - -4 - (6 + -25))).
-48
Calculate (-73 - (-134 - -3)) + -18.
40
What is -30 + (14 - 46 - -49) + (83 - -1)?
71
Evaluate (-34 - (-98 - -97)) + -6 + 3 + 2.
-34
What is the value of 24 + (37 + 1 - 39)?
23
Calculate 139 + 12 + 49 + -34 + -26 + -2 + -2.
136
(33 - 15) + (-3 + 0 - 6) - -27
36
(-14 - -14) + 24 + 10
34
What is (69 - -4) + -101 + 31 + 61?
64
Calculate 27 + (33 - ((7 - 20) + 28)).
45
What is (-24 - 1) + (-21 - (-10 + -6))?
-30
What is the value of 0 - -6 - (465 - 474)?
15
Calculate (-62 - -28) + (148 - 73).
41
What is 18 + -24 - ((-8 - 9) + 11)?
0
(-2 - -17 - 0) + (335 - (-530 + 726))
154
What is the value of -8 + (-2 - -3 - -39) + -43 + 52?
41
Evaluate (-1 - 15) + (15 + -1 - (-6 + -67 - -78)).
-7
Evaluate -5 - 1 - (90 - (15 + 103)).
22
1 + -5 + 13 + (-36 - -50)
23
What is the value of 8 - (1 - (5 - (-12 - -2 - (-10 - -34))))?
46
Evaluate -4 - (-7 - (11 + (5 - (6 + 18)))) - -6.
1
What is -31 - (-15 - 2 - -15 - 10)?
-19
Calculate (1599 - 1578) + (2 - 0 - -82).
105
Calculate -10 + (26 - (23 + -5) - -4).
2
What is the value of 6 + -5 + 94 + 8 + -19 - 15?
69
What is the value of -451 - -441 - (25 + 1)?
-36
What is 152 + -134 - (27 + -1 - (-95 + 97))?
-6
What is -14 - ((6 - 40) + (14 - 13 - -11))?
8
2 - -101 - (3964 + -3929)
68
Calculate 31 + (-32 - -58 - 20).
37
(-2 - -2) + (106 - 0) - (145 + -156 + 16)
101
Calculate (-36 - -3) + -1210 + 1185.
-58
What is 33 - (-21 + (12 - -1) - -4 - -2)?
35
Evaluate -202 + (-82 - -122) - -79.
-83
What is the value of -1 + -2 + 1 - ((-150 - -39) + 113) - 12?
-16
Calculate (18 + 1 - (587 + -553)) + 13.
-2
83 - (157 - 79 - 29)
34
What is the value of 1 - -1 - (117 + (9 - (-33 + 68)))?
-89
What is (-5 - (-19 + 3)) + -8 - (-4 - -60 - -3)?
-56
-41 - ((19 - 23) + (4 - 13) - -8)
-36
Calculate (-27 + 37 + 20 - 4) + 5.
31
(-40 - (9 + -18)) + (-31 - -145)
83
What is the value of 13 + -27 + -2 + -6 + 16?
-6
1 + (-2 - 1) + 56 + 1 + (25493 - 25491)
57
Calculate -34 + -4 - ((-4 - -11) + -5) - -8.
-32
(-54 + 54 - 39) + -86
-125
What is 1 - ((-2 - (-1 - -5)) + 11 + -11 + 5)?
2
What is the value of -1 - (54 - 61) - 7?
-1
-91 + -6 + (-572 - -584)
-85
Evaluate -19 + 0 + (3 + -10 - (-37 + 52 + -23)).
-18
What is the value of (-80 + 21 - 12) + 58?
-13
(36 - 20 - (-11 + 9) - 57) + 0 + 9
-30
What is 0 - 13 - ((30 - 29) + -8 + 41)?
-47
What is the value of 17 - 70 - (-50 + 17)?
-20
Evaluate -21 + (31 - ((-6 - -23) + -41)).
34
What is the value of -49 + (-9 - (18 + (3 - (0 - -12))))?
-67
Calculate 2 - 15 - (41 - 47) - (2 - 10).
1
What is the value of (-5 - (13 + -34)) + (-23 - -31 - 80)?
-56
Evaluate -50 - ((8 - (-10 - ((-28 - -6) + 10))) + -12).
-44
What is the value of (-40 + 51 - 54) + 63?
20
-1234 - -1227 - (0 - -1 - (22 + 6 - -8))
28
Evaluate 42 - 86 - -57 - 1.
12
Calculate (4 - 2) + 1 - ((-54 - -2) + 77).
-22
Evaluate (3 - -3) + -17 - ((-67 - -35) + 98).
-77
What is the value of (0 - 4) + (10 - 5) + -11 + (80 - 72)?
-2
What is the value of 8 - (5 + -12) - (-195 + 193)?
17
(34 - (41 - -4) - (89 + 0)) + (-6 - -9)
-97
What is the value of (-19 - (-26 - (23 + -26))) + 3?
7
Calculate 73 - (93 + -68) - 32.
16
What is the value of 21 - ((26 + (6 - 19) - (3 - -5)) + 3)?
13
What is the value of 77 - (31 + (-24 - -3) + 4)?
63
Calculate 12 + 47 + (-284 - -259).
34
Calculate (-6 - 103) + (-663 - -731).
-41
What is (82 - 76) + (-80 - -41)?
-33
Calculate (107 + -86 - 230) + 138.
-71
(38 - 65) + 65 + -39
-1
What is (4 - 2) + -23 - (101 - 131)?
9
41 - 18 - (36 + -9 - 27)
23
Calculate 36 + (36 - (73 + -41) - 30).
10
Evaluate (11 - -18) + (1 - 11) + 15.
34
Calculate (-7 - -4 - 6) + -4 + (77 - (-8 + 7)).
65
What is the value of 121 + (40 - 4) + 45 + -76 + 1 + -14?
113
What is 1 - (2 + -1 + -2 + -254 + 247)?
9
What is (-53 - -18) + (-4 - 9 - -4 - -8) - 11?
-47
Evaluate -19 - (7 + (-2 - 83)).
59
What is (-79 - -9) 